e prime factors of u - -1 - (0 + -1).
2
Suppose 2*l + 172 = 3*i, 4*l + 60 = i + 2*l. List the prime factors of i.
2, 7
Let h(d) = d**2 + 13. Let f be h(0). Suppose -v + f = 3*g, -4*v - 3*g = -v - 21. Suppose 0 = v*o - 3*o - 13. What are the prime factors of o?
13
Let a = -6 - -8. Suppose f - 3*r = -7, 5*f - r - 25 = a*r. Let i = f + 0. List the prime factors of i.
2
Suppose -4*f + 207 = -3*x, -x = -f + 28 + 24. List the prime factors of f.
3, 17
Let i be (2 + (-21)/9)*-15. Suppose -4*a = 4*c - 64, -i*c = 3*a + a - 62. What are the prime factors of a?
2, 3
Let a = 85 - 52. Suppose 8 = -5*b + 3*b, -l + 4*b = -a. What are the prime factors of l?
17
Let c be -2 + -1 - (-2 - 80). List the prime factors of c/3 + (-3)/9.
2, 13
Let c(f) = -f + 7. Let t be c(4). Suppose 0 = 7*m - t*m - 8. List the prime factors of m.
2
Let r = -20 - -4. Let h = r + 29. What are the prime factors of h?
13
Let p = -56 + 151. What are the prime factors of p?
5, 19
Let x = -6 - -10. Suppose -x*a = -3*m - 48 + 130, -12 = 3*a. What are the prime factors of m?
2, 11
Suppose 11*d - 9*d = 240. List the prime factors of d.
2, 3, 5
Let l(m) = 48*m + 1. Let b be l(1). Suppose -b = -4*f - 5*o, f - 3*o + 3 = -f. What are the prime factors of f?
2, 3
Let d(j) = -3*j**2 - j. Let c be d(-1). Suppose -3*l = -4*l. What are the prime factors of 2 + (c - l) - -2?
2
Suppose 9 = 4*h - 11. Suppose -20 = a - h*a. Suppose 2*k - a*k + 9 = -3*x, 5*k = -5*x + 5. List the prime factors of k.
2
Suppose 0 = -3*m + 5*q + 136, 24 = -m - 4*q + 75. List the prime factors of m.
47
Let f(t) = t**3 + 3*t**2 - 6*t - 4. Let g be (-6)/(-3 + 27/6). What are the prime factors of f(g)?
2
Let f = 58 + 5. List the prime factors of f.
3, 7
Suppose d = u - 3, 2*d = -d. Suppose 2*f + t - 42 = 10, u*f = 2*t + 71. What are the prime factors of f?
5
Let x(o) = -6*o - 1. Let h be (-1 - 0)/(1/2). List the prime factors of x(h).
11
List the prime factors of (-1)/(-2)*(21 - -3).
2, 3
Let h be (137/2)/((-2)/(-4)). Suppose -2*u = -m - h, 4 = -2*u - m + 131. Suppose 4*y = j + u, 5*j - 38 = -2*y + 3*j. What are the prime factors of y?
17
Let t = -9 + 16. Let l = 10 - t. Suppose -u = -o - 9, -o + 16 + 23 = l*u. List the prime factors of u.
2, 3
Let s(q) = -2*q**3 - 16*q - 4 + 11*q + 3*q**3 + 8*q**2 + 0*q**3. Let c be s(-7). Suppose -3*m - 2*m + c = 0. What are the prime factors of m?
2
Suppose -3*g + p = g - 953, -3*g = p - 706. What are the prime factors of g?
3, 79
List the prime factors of 2/9 - (-45387)/243.
11, 17
Let h(a) = 7*a - a**2 + 2 - 2*a**2 + 2*a**2. Suppose -5*f + 10 = 5*x, 2*f - 4*x = -3*x + 13. List the prime factors of h(f).
2, 3
Suppose 2*d = -3*t + 14, 3*t + 2*d - 16 = -t. Let h(p) = t*p - 2*p + p. What are the prime factors of h(7)?
7
Suppose -3*l + 3*n - 33 = -0, 4*l + 69 = -n. Let z = 9 + -15. Let w = z - l. What are the prime factors of w?
2, 5
Let o(j) = j + 1. Let q be o(3). Let d = q + -4. Suppose -3*w + 7 + 5 = d. What are the prime factors of w?
2
Let f = 53 + -18. What are the prime factors of f?
5, 7
Let w = -138 - -275. What are the prime factors of w?
137
Suppose 5 = 4*p - 7. Suppose -p*z + 3*c + 12 = 0, -z + 2*c + 5 = -0. Suppose z*u - 10 = 8. What are the prime factors of u?
2, 3
List the prime factors of 232/(-60)*-48 - (-3)/(-5).
5, 37
Suppose 3*t - 2*t - 2 = 0. Suppose 5*g + l = 2*g + 151, t*g = 3*l + 108. What are the prime factors of g?
3, 17
Suppose -115 = -3*z - 2*t, -2*t = -4*z + 193 - 21. List the prime factors of z.
41
Let w(f) = -4*f - 3. Suppose -6 = 2*t + t. List the prime factors of w(t).
5
Let q(v) = 2*v - 2. Let t be q(2). Suppose -t*o - 14 = -4*o. Let s = -4 + o. What are the prime factors of s?
3
Let g(y) = y**3 + 5*y**2 - y - 2. Let s be 2*(2 - (-9)/(-2)). What are the prime factors of g(s)?
3
Suppose -5*c = -249 - 561. Suppose 3*s - c = -54. Suppose 3*q + 9 = s. What are the prime factors of q?
3
Let g(u) = -3*u**3 + 2*u**2 + u + 1. Suppose -5*r = 14 - 4. What are the prime factors of g(r)?
31
Let t = 1 + 6. Let n(y) = -y**2 + 7*y + 6. List the prime factors of n(t).
2, 3
Let s(g) = 37*g**2 - 3*g - 5. What are the prime factors of s(-3)?
337
Let k be 2 - (-8 - -2)*5. Let w = k + -13. List the prime factors of w.
19
What are the prime factors of (-45)/(-12)*200/6?
5
Let z be (-2)/(-8)*-2*-2. Let y(j) = 23*j - 1. Let k be y(z). Let a = 40 - k. List the prime factors of a.
2, 3
Let w = -12 - -8. What are the prime factors of 44/(-2 - w) + -1?
3, 7
Let n be -3 + (0 - 1)*-7. Let i = n - 0. What are the prime factors of i?
2
List the prime factors of -1 + (-2)/((-8)/164).
2, 5
Let y be 1*(-5 + 3 - -10). Let p = 14 + y. List the prime factors of p.
2, 11
Let c(p) = 5*p - 16. What are the prime factors of c(16)?
2
List the prime factors of (-2070)/(-20)*(-4)/(-6).
3, 23
Let m = 5 + -7. Let q = 5 + m. What are the prime factors of q?
3
Suppose 0*g - 3*g - 51 = 0. Let r = 2 - g. List the prime factors of r.
19
Let q be (2/1)/(-1 + 2). List the prime factors of -2 + (4 - q - -5).
5
Let u be 6/12 + 63/2. Let z = u - 23. What are the prime factors of z?
3
Let j(l) = l**2 - 5*l. Let w be j(6). Let z be 5 + -3 - w/1. Let r(y) = -y**2 - 4*y + 5. List the prime factors of r(z).
5
Suppose 5*i - 45 = -0*i. Suppose 3*z - i = -3. List the prime factors of z.
2
Suppose k - 3*c + 7*c = -19, -2*k + 10 = -4*c. List the prime factors of ((-5)/k)/(3/9).
5
Let b be -3 - -2 - 4/(-1). Suppose -b*w = -7*w + 8. List the prime factors of w.
2
Suppose 0 = -3*x + 4*f + 80, -2*x + 4*f = 3*x - 144. List the prime factors of x.
2
Suppose 182 = 3*g - 13. List the prime factors of g.
5, 13
Suppose 2*m = -m + 15. Let p(s) be the first derivative of s**2/2 - s + 2. List the prime factors of p(m).
2
Let k = 13 - 1. Suppose 0 = 8*l - k*l. Let x(q) = -q + 16. List the prime factors of x(l).
2
List the prime factors of 4*(-1 + (-100)/(-16)).
3, 7
Let n = 101 - 25. Suppose -6*w + 2*w = -n. List the prime factors of w.
19
Suppose 0 = -3*f - f + 292. Let q = f - 51. What are the prime factors of q?
2, 11
Let w(i) = i**2. Let c be w(2). Suppose -q = -3 - 1, -23 = -v - c*q. List the prime factors of v.
7
Let g(l) be the first derivative of l**4/4 + 2*l**3 - l**2 - 1. Let q be 2/3 - (-60)/(-9). List the prime factors of g(q).
2, 3
Suppose 2*s + 14 = 28. What are the prime factors of s?
7
Let f = 333 + -121. List the prime factors of f.
2, 53
Suppose -6*w + 3*w = -d - 29, 2*w = 5*d + 15. List the prime factors of w.
2, 5
Let s = 139 + 160. List the prime factors of s.
13, 23
Let d = -4 - -5. Let w = d - 1. Suppose w = -5*s - 2*u + 51, 3*s = -5*u + 25 + 17. What are the prime factors of s?
3
Let k(q) = q + 3. Let u be k(-12). Let r(p) = p + 5. Let d be r(-6). What are the prime factors of (2/2 - u) + d?
3
Let k be (6 + 1)/((-1)/(-6)). Let u = 396 + 306. List the prime factors of 4/14 + u/k.
17
Let f(z) = 2*z - 12. Let l(o) = 2*o + 4. Let m be l(3). What are the prime factors of f(m)?
2
Let x = -91 - -157. List the prime factors of x.
2, 3, 11
Let z(h) = 4*h - h - 2 + h**3 - 4*h**2 - 4*h + 4*h. What are the prime factors of z(4)?
2, 5
Let v(c) = -8*c + 5. List the prime factors of v(-9).
7, 11
Suppose 774 = 3*m - 2*m - 3*j, 0 = -4*m - 3*j + 3096. What are the prime factors of m/27 - 2/3?
2, 7
Suppose -2*y = y - 30. Suppose -v + 30 = 2*v + 3*r, 0 = 5*v - 3*r - y. List the prime factors of v.
5
Let s = 68 + -23. List the prime factors of s.
3, 5
Suppose -1 = t - 8. Suppose -35 = 2*l - t*l. Let u(i) = -i**3 + 8*i**2 - 5*i - 9. List the prime factors of u(l).
5
Let w(s) = s + 1. Let m be (12/4)/((-6)/(-8)). Suppose -3*h = -m + 16, 2*o - 28 = 4*h. List the prime factors of w(o).
7
Let m(j) = -4*j**2 - 4 + 3*j**2 + 0 + 6*j. List the prime factors of m(4).
2
List the prime factors of (-6)/(-12) + 450/4.
113
Let j = -2 - 1. Let i = j - -4. Let p = i + 8. List the prime factors of p.
3
Let z = 16 + 7. What are the prime factors of z?
23
What are the prime factors of 7/(5/(7 - 2))?
7
Let h be (2 - (-56)/(-20))*-5. Suppose -o = -2*o + h. What are the prime factors of o?
2
Let r be (-1 + 0 - -3) + -4. List the prime factors of (4/(-3) - r)*24.
2
Suppose y = -0*y - 14. Let w = 8 + y. Let c = w - -17. List the prime factors of c.
11
Suppose -2*v - 4*t = -7*v + 220, -2*t + 10 = 0. What are the prime factors of v?
2, 3
Suppose 4*a - 173 = -2